visor of a and 29.
29
Suppose -4*x = -3*v + 200, 0 = 290*v - 285*v + 4*x - 312. Suppose -6*q + 2*q = 4*h - 124, -59 = -2*q - 5*h. What is the greatest common divisor of v and q?
32
Suppose 4*o = 77 + 23. Calculate the greatest common divisor of 175 and o.
25
Let y(d) = 3*d**2 + 64*d - 193. Let c be y(3). What is the highest common divisor of 377 and c?
13
Let s = -5775 - -5922. Let n be ((42/(-8))/(-3))/(9/1260). What is the greatest common factor of n and s?
49
Let c be ((-9)/2)/((-72)/(-144)). Let f be (-2)/(-3)*c*(-9 + -11). What is the greatest common divisor of f and 320?
40
Suppose 0 = 46*m - 41*m + 5*s - 335, 114 = 2*m - 3*s. What is the highest common divisor of 399 and m?
21
Suppose 3*c - 692 = -g, 2*c = -g + 4*g + 432. Let q be -1 - 0 - (-59 - -1). What is the highest common factor of c and q?
57
Let i(y) = -68*y**3 + 2*y**2 - y. Let g be i(1). Let u = -139 - g. Let t be (u/42)/(2/(2 - 16)). What is the greatest common divisor of t and 3?
3
Let t(k) = -40*k**3 + k - 10. Let y be t(-2). What is the greatest common divisor of 1364 and y?
44
Let q = -8 + 22. Let h = -149 + 151. Let w be (8/h + 0)*(4 - -3). Calculate the highest common factor of w and q.
14
Suppose 2*w + 2*a = -2, -w - 3*a - 46 = -37. Suppose 4*q + w*f - 1011 = -11, 0 = q - 4*f - 231. Calculate the highest common factor of 13 and q.
13
Let d be (7/((-63)/(-1593)))/(12/4 + -2). Calculate the highest common divisor of d and 10443.
177
Let k(q) = -15*q + 41. Let n(r) = 29*r - 83. Let g(h) = -5*k(h) - 2*n(h). Let d be g(7). What is the greatest common factor of 120 and d?
40
Let p = 26 - 23. Suppose -4*n + p*h + 168 = 0, -n - 2*h + 3*h = -42. Suppose 5*x = n + 3. What is the greatest common divisor of x and 63?
9
Let g = 10 - 7. Suppose 12 = x + g*x. Suppose x*a - 25 + 13 = 0. Calculate the highest common divisor of 12 and a.
4
Let g = 851 - -271. Suppose -7*o + g = 15*o. Calculate the highest common divisor of o and 17.
17
Let x = 228 - -290. What is the highest common factor of 74 and x?
74
Suppose 0 = 5*h - 644 + 169. Suppose 3*f = 3*r - 39, 5*r - 1026 = 3*f - 949. Calculate the greatest common divisor of r and h.
19
Let g = -183509 - -183535. Let z(l) = -493*l**3 + 2*l**2 - 1. Let x be z(-1). Calculate the highest common factor of g and x.
26
Suppose 3*w - 3*l = 2*l + 134, 0 = -w + 4*l + 47. Let s be -17 + (4 + -5)*9. Let c = s + w. Calculate the greatest common factor of c and 136.
17
Let s(i) = -i**2 - 9*i + 197. Let t be s(10). Suppose -t*o + 785 + 1231 = 0. What is the highest common divisor of o and 9?
9
Let m = 152 + -138. Suppose 3*x - m = -2*f, 0 = 3*x + 3*f - 14 + 2. Calculate the greatest common factor of 10 and x.
2
Suppose 0 = 3*b + 5*c - 26, b + 3*c - 2*c - 10 = 0. Let a be 8/40*66*(-5)/(-2). What is the greatest common divisor of b and a?
3
Suppose -5 + 15 = 5*w. Suppose 1 = w*b + 5, 2*b = -2*i + 656. Let o be 1/(-3) + i/18. Calculate the highest common divisor of 6 and o.
6
Suppose -4 = -97*o + 99*o. Let a be (-2)/1*-3 - (o + -2). Calculate the highest common factor of a and 110.
10
Suppose 10*x = 2*x + 16768. Suppose x = 5*u - 754. What is the greatest common factor of u and 30?
30
Suppose 0 = 5*s + 20, -23*s - 39 = -5*l - 27*s. Calculate the greatest common divisor of 99 and l.
11
Suppose 4*m = -5*l + 91 + 37, 3*l - 81 = -m. What is the highest common factor of l and 3234?
14
Suppose -39*a + 34 = -37*a + s, 8 = -4*s. What is the greatest common factor of 642 and a?
6
Let i be -417 - (-7 + 7)*(-3)/(-6). Let l = i - -1210. Calculate the highest common divisor of 13 and l.
13
Let b be ((-14184)/32)/(12/128). Let m be b/(-72) + 1/3. What is the highest common factor of 110 and m?
22
Suppose -5*m = 130*z - 127*z - 23904, 2*z = 2*m - 9568. Calculate the greatest common factor of m and 12.
6
Let h be 6/(-36)*3 + 3401/2. Calculate the highest common factor of 1100 and h.
100
Let x be (-3388)/(-5) + (296/40 - 8). Suppose 9*q - 5*q - y - x = 0, -2*q + 4*y + 356 = 0. What is the highest common divisor of q and 24?
24
Suppose 3*s - 2*r + 80 = 0, -s - 4*s + 3*r - 134 = 0. Let z = -13 - s. Let f be 4/(-12)*(3465/3)/(-11). Calculate the greatest common divisor of f and z.
5
Suppose 2*w = -3*y + 17, 4*w - 1 = 4*y + 3. Suppose -16*i + 1380 = -w*i. Suppose -128 = -h + i. Calculate the highest common factor of h and 27.
27
Suppose 11 - 12 = -3*p + 5*k, 0 = -4*p + 4*k + 12. Suppose -644 + 203 = -p*d. Calculate the highest common divisor of 6 and d.
3
Let o(z) = 3*z**3 - z**2 - 2*z + 3. Let i be o(2). Let b(w) = w**3 + 33*w**2 + 5*w + 317. Let l be b(-33). What is the highest common factor of i and l?
19
Let f(y) = -3*y**3 - 8*y**2 + 10*y + 37. Let v be f(-5). Suppose -d - 17*d + v = 0. Let i be 1/(-5) - 902/(-10). What is the highest common factor of d and i?
9
Let d = -147 - -356. Let i = 254 - d. Calculate the greatest common divisor of i and 1035.
45
Suppose -2*t + 3*j = 7, -40*j - 15 = -37*j. Let k(b) = 2*b**2 + 7*b + 66. Let i be k(t). What is the greatest common factor of 66 and i?
33
Let z = -1034 + 681. Let q = z + 360. What is the greatest common divisor of q and 427?
7
Let j = 403 + 617. What is the greatest common divisor of j and 420?
60
Let w(f) = -170 - 18*f**2 + 99 + 19*f**2 - 21*f. Let o be w(25). Calculate the greatest common factor of o and 1.
1
Let t(s) = -7*s - 77. Let o be t(0). Let m = o - -305. What is the greatest common divisor of m and 171?
57
Suppose 0 = 39*n + 1279 - 4321. Let m(h) = 3*h**3 + 2*h**2 - 2*h - 2. Let v be m(3). What is the greatest common divisor of v and n?
13
Let m(y) = -y**2 - 9*y - 26. Let v be m(-3). Let o be v/((-24)/(-3)) + 1*166. Calculate the greatest common factor of o and 132.
33
Suppose 1019 = 7*n + 10*n - 1752. Calculate the highest common factor of 1141 and n.
163
Suppose -f = -4*r + 191, -2*r - 2*f + 0*f + 98 = 0. Suppose 58*v + 1765 = 5941. Calculate the greatest common divisor of v and r.
24
Let a(p) = 22*p + 64. Let o be a(27). Suppose 0 = -6*c - 8*c + o. What is the highest common divisor of 1 and c?
1
Let c(o) = 5*o**2 + 15*o - 395. Let z be c(-11). Calculate the highest common factor of z and 3390.
15
Suppose -p - 19746 = -4*m, -9*m + 19764 = -5*m + 2*p. What is the greatest common factor of 6 and m?
6
Let i = 130 - 130. Let w(x) = -2*x**2 + x + 272. Let z be w(i). Calculate the highest common divisor of 51 and z.
17
Let m = -5 + 2. Suppose -i - g = -1, -10 = 3*g - 8*g. Let n be i + m + 2 + 186. What is the greatest common divisor of 23 and n?
23
Let j be (-6)/8 + 209/76. Suppose l + 7 = -2*s, 5*s = j*l - 0*l - 31. What is the greatest common divisor of l and 87?
3
Let j = -1188 + 1764. Suppose 2*c + m = 1161, 3*c - 4*c = -4*m - j. Calculate the highest common factor of c and 58.
58
Suppose -u + 2483 = 1206. Suppose -3*i + 732 = 2*p - 222, 0 = 4*i + p - u. Calculate the highest common factor of 10 and i.
10
Let j be (-2)/((-8)/3 - -2). Suppose -63 = j*i - 273. Calculate the greatest common factor of i and 56.
14
Let g be (-2768)/(-64) - ((-38)/(-24) + 5/(-15)). What is the highest common divisor of 37002 and g?
42
Suppose 0 = -2*b + 10, q = -0*b + 2*b - 7. Suppose 0 = -5*w - 3*n + 91, 0*w + q*w = -4*n + 48. Let c = 45 + w. What is the highest common factor of 13 and c?
13
Suppose 5*p + 2*b + 7 = 0, 0*p = 4*p + 4*b + 8. Let m be -65*(-1 - -2) + p. Let n = -43 - m. Calculate the greatest common factor of n and 230.
23
Let i be (-259580)/(-100) - (-1 - -6) - 48/60. What is the highest common factor of i and 28?
14
Suppose -37 = -50*r + 1013. Suppose 5*g - 21 = 9. Let v be 495/(-10)*(-28)/g. What is the highest common divisor of r and v?
21
Let c = -1655 - -1771. Let g = -8 - -37. What is the highest common divisor of c and g?
29
Suppose -6*s = -2017 - 7823. Suppose -s = -19*r + 165. Suppose q - 3*q = -76. Calculate the greatest common divisor of r and q.
19
Let b(o) = -9*o + 22. Let p(i) = -37*i + 85. Let r(f) = -9*b(f) + 2*p(f). Let a be r(9). What is the greatest common factor of 25 and a?
5
Let q = 28305 - 28299. What is the greatest common divisor of 1260 and q?
6
Suppose -43*c + 50*c = -3*s + 293, -39 = -c - s. Calculate the highest common factor of c and 9988.
44
Suppose 2*s - 143 = -5*d - 2*s, -5*s = 5*d - 145. Let x = 61576 + -61573. What is the highest common factor of d and x?
3
Let q = 83 - -60. Let